0 = 2*d + 5*h - 33. Calculate the highest common factor of d and 42.
14
Suppose -5*m = -391 - 9. Suppose 7*g = 5*g + 20. Calculate the highest common factor of g and m.
10
Let f be -8*(-3 + 5/2). Suppose -f*u + x + 50 = -4*x, -u = -5*x - 20. Let l = u - 5. What is the greatest common divisor of l and 40?
5
Let r = 364 - 104. What is the highest common divisor of r and 26?
26
Suppose 8*x - 3*x + 45 = 0. Let h be 4/18 - 250/x. Suppose 5*z - 178 = 32. Calculate the greatest common factor of z and h.
14
Let t = 10 + -7. Suppose 0 = -3*k + 5*k - t*c - 26, 2*k - 4*c - 28 = 0. What is the greatest common divisor of 70 and k?
10
Suppose -3*y + 60 = -0*y. Suppose -y - 16 = -3*b. What is the greatest common factor of 24 and b?
12
Let j(l) = 2*l**2 - l + 34. Let w be j(6). Calculate the highest common divisor of 60 and w.
20
Suppose 0 = 4*c - 27 - 13. Suppose 0 = -c*s + 5*s + 20. Suppose -4*m = 2 - 10. What is the highest common factor of s and m?
2
Let y(z) be the third derivative of -z**5/60 + z**4/3 + z**3/6 - 4*z**2. Let i be y(8). Calculate the greatest common factor of i and 5.
1
Suppose -l + 17 + 11 = 0. Suppose 0*n - 2*n + 140 = 0. Calculate the greatest common divisor of l and n.
14
Let m be (-1 - -2)*(-4)/(-2). Suppose -p = -4 - m. Suppose -5*i = 4*d - 216, -4*d + 66 = -4*i - 150. What is the highest common divisor of p and d?
6
Let h = -23 + 35. What is the highest common factor of 60 and h?
12
Let u(f) = 2*f**2 - 5*f + 3. Let j be u(6). Let t(w) = w**2 + 14*w + 29. Let q be t(-12). What is the highest common factor of j and q?
5
Let d be (-1)/(-7) + (-377)/(-7). Suppose -12 = -4*y + 2*y. Calculate the highest common factor of d and y.
6
Let h(r) = -r**3 + 4*r**2 - 3*r + 3. Let u be h(3). Let d(a) = a**3 - 2*a**2 - 3*a + 3. Let k be d(u). Calculate the highest common divisor of 33 and k.
3
Suppose -215 = -4*r + r + 4*g, -158 = -2*r - g. Let l be 22/5 - (-15)/25. Suppose 19 = l*b - 16. What is the highest common divisor of b and r?
7
Let y(f) = -f + 28. Let l be y(-12). Calculate the greatest common factor of l and 5.
5
Let l = -61 - -97. Calculate the highest common factor of l and 4.
4
Let h = 3 + -1. Suppose 0*d - h = -2*d. Let j = -9 + 18. Calculate the highest common divisor of d and j.
1
Suppose -6*i + 4*i + 20 = 0. Calculate the highest common factor of i and 5.
5
Let x(q) = 7*q**3 - 2*q**2 + 1. Let o be x(1). Calculate the greatest common factor of o and 4.
2
Suppose -j + 31 = 2*j - q, 4*q = 5*j - 61. Let s(f) = -f**3 - 6*f**2 - 4*f + 6. Let n be s(-5). Calculate the highest common factor of n and j.
1
Suppose 2*q - 55 = 33. Calculate the highest common divisor of q and 11.
11
Let s(y) = -y**2 - 11*y - 14. Let a be s(-10). Let k(q) = q**3 + 7*q**2 + 6*q + 2. Let o be k(a). Calculate the highest common divisor of 52 and o.
26
Let y be 36/6*(-4)/(-6). Calculate the highest common factor of y and 20.
4
Let b be (-4)/(-2) - (-3 - 9). Calculate the greatest common divisor of b and 21.
7
Let r = -1 + 15. Let g(h) = h**2 + 2*h - 1. Let n be g(-3). Suppose 4*u + 268 = 4*f, n*f + 86 = -4*u + 238. What is the highest common factor of f and r?
14
Let c(y) = -2*y + 4. Let s be c(4). Let k = 8 - s. Calculate the highest common divisor of k and 24.
12
Let g(f) = -5*f + 15 + 0*f + 4*f. Let r be g(7). What is the greatest common factor of r and 24?
8
Suppose -y + 35 = h, 4 - 1 = 3*y. What is the greatest common factor of h and 136?
34
Suppose -17 = 3*n - 2*u + 3, 0 = -3*n - u - 8. Let t be 80/5 + n/2. What is the highest common divisor of 14 and t?
14
Let p be (2 - 0 - 0)/1. Let o be (1 - -35)/p - 2. What is the greatest common factor of 24 and o?
8
Suppose b - 996 = -6*c + 2*c, 5*c + 4*b = 1256. Let v = c + -132. Calculate the highest common divisor of v and 29.
29
Suppose -3*u + 5*w = -158, 4*u - 3*w - 50 = 3*u. What is the highest common factor of 14 and u?
14
Let m = 55 + -51. Suppose -6*b = -b - 15. Let g be (6/(-2))/(b/(-4)). What is the greatest common factor of m and g?
4
Let u be 83*(-4)/(-16) + 3/12. What is the highest common divisor of 105 and u?
21
Let p = -792 - -1243. Calculate the greatest common factor of p and 41.
41
Let h(y) = -y**3 - 14*y**2 - 15*y - 17. Let r be h(-13). Let o = 1 + r. What is the highest common divisor of o and 40?
10
Let c(i) be the third derivative of 5*i**4/24 - i**2. Let q be c(2). Calculate the greatest common factor of q and 70.
10
Let t be 8/4 - (1 + -2). Let y be (t - 3/3)*3. Calculate the greatest common factor of 60 and y.
6
Let g(v) = -v**3 - 2*v**2 - v - 1. Let l be g(-2). What is the highest common factor of 7 and l?
1
Suppose 7 = b - 3. Calculate the highest common factor of 110 and b.
10
Let o = -179 + 181. What is the highest common factor of o and 1?
1
Suppose 3*f - 47 = 46. Calculate the greatest common factor of 124 and f.
31
Let z(c) = -c**2 - 9*c - 15. Let u be z(-6). Suppose -5*v + u*v = -70. What is the greatest common divisor of 14 and v?
7
Let z = -1 - -4. Suppose -z*g + 122 = g + 2*a, 4*g = 3*a + 117. What is the highest common factor of g and 270?
30
Let x(m) = -2*m + 2. Let l be x(-3). Let z be -1*(-1 + (-29 - -1)). Suppose -3*t = z - 197. What is the greatest common divisor of t and l?
8
Let i be -38*-1*(-4)/(-8). Let b = i - 15. Calculate the greatest common divisor of 6 and b.
2
Let j(r) = r**2 - 4*r - 11. Let m be j(11). Let g = -24 + 35. Calculate the highest common divisor of g and m.
11
Suppose -2*x - 6 = -26. Let w be (-1 - -3) + 392/8. Suppose 49 = 4*y - w. Calculate the greatest common factor of y and x.
5
Let m be 4 - 0/(-4) - 2/2. What is the highest common factor of 6 and m?
3
Let c be 15/(-5) - 0 - (0 + -7). Let t be ((-3)/(-2))/((-3)/(-8)). What is the greatest common divisor of t and c?
4
Suppose -4*x + 24 = -28. What is the highest common divisor of x and 39?
13
Let h = 17 + -8. Let j(n) = n**2 - 5*n + 2. Let v be j(5). Let i be v/(-4) + (-580)/(-8). What is the highest common divisor of i and h?
9
Suppose 83 - 211 = -8*l. What is the greatest common factor of l and 24?
8
Suppose -a + 1 = -2*z - 2, -3*a + 3*z = 6. Let c(m) = m**3 + 7*m**2 - m - 1. Let o be c(a). What is the highest common divisor of 66 and o?
6
Let r = -8 + 29. What is the greatest common divisor of r and 3?
3
Suppose -4*h = -3*h - v - 45, v = 4*h - 195. Calculate the highest common factor of h and 20.
10
Let t be (-2 - (-44 - -3)) + 1*2. Calculate the greatest common divisor of 369 and t.
41
Let r be -90*(-4)/(-30)*-18. What is the highest common divisor of 54 and r?
54
Let h be 129/12 + 2/8. Let r be h + (-5)/(15/6). Calculate the greatest common factor of 45 and r.
9
Let i(u) = -u**3 + u**2 - 4*u. Let q be i(3). Let h be (14/3)/((-4)/q). What is the greatest common factor of 14 and h?
7
Suppose 2*t + 3 = 1, 196 = 4*b + 4*t. Let s = b - 34. What is the highest common divisor of 160 and s?
16
Let i(h) = h**2 + 9*h + 17. Let p be i(-7). Suppose 2*o + 10 = p*o. What is the greatest common factor of 5 and o?
5
Let a be (-1 - -28)*(-3 - -4). Let x(u) = 2*u**2 + 4*u + 3. Let s be x(-3). What is the highest common divisor of a and s?
9
Let y = -3 + 12. What is the highest common factor of 27 and y?
9
Suppose -3*f - 123 = -5*q + 157, 0 = -q - 4*f + 79. Suppose -61 = -5*c + q. Calculate the greatest common divisor of c and 192.
24
Suppose -3*v = -7*v - 260. Let u be v/7 - 2/(-7). Let y = u - -21. What is the highest common divisor of y and 18?
6
Suppose 37 = 4*s - 215. Let l be (-7 - -3) + 2 - 0. Let j(n) = 2*n**2 - n - 3. Let b be j(l). Calculate the greatest common factor of b and s.
7
Let y(z) = z**3 + 5*z**2 + 5*z + 4. Let v be y(-3). Let h = 10 + 2. Suppose -5*q + 0*q + g + 1 = 0, -h = -3*g. What is the highest common divisor of q and v?
1
Let r = -40 + 57. Let a be 2/4 + 303/6. Calculate the greatest common divisor of r and a.
17
Let b(o) = o + 0 + 6*o**2 + o**3 + 3*o - 3. Let p be b(-5). Let f be (1*-2)/(5/(-55)). What is the greatest common divisor of f and p?
2
Suppose 2*z = 5*z + 6. Let u be z/(-3) - (-209)/33. What is the greatest common divisor of 28 and u?
7
Let u be (0 - (0 + 0)) + 2. Suppose 2*f + u*f - 14 = c, -c + 6 = f. Suppose -m - r = f*m - 55, 4*m - 33 = -3*r. Calculate the greatest common factor of m and 3.
3
Suppose 5*b + 25 = 5*t, -5*b + 10 = 5*t - 15. Let v(o) = -2*o**3 + o**3 + 0*